((-30)/45)/(x/(-3))?
2
Let l be (-4551)/(-15) + 12/20. Let y = 540 - l. What is the hundreds digit of y?
2
Suppose 19*o = 11*o - 24. Let s be 2041240/(-180) + o/(54/(-4)). What is the tens digit of s/(-150) - (-6)/(-10)?
7
Suppose 0 = -5*x + 5*w + 36605, w - 13843 = -2*x + 808. What is the hundreds digit of x?
3
Let w(o) = -16*o - 104. Let c be w(7). Let a = 358 + c. What is the hundreds digit of a?
1
Let w be 0 - -19 - (5 + -4). Suppose 0 = -4*g - 4*s + 1192, 15*g = w*g - 3*s - 924. What is the units digit of g?
3
Suppose 0 = -3*j + 8*j + 30. Let o be ((-81)/j)/((-1)/(-22)). What is the units digit of 54/o - (-372)/11?
4
Let u(v) = -v**2 + 10*v - 16. Let m be u(9). Let i = 15 - m. Suppose -104 = -6*a + i. What is the units digit of a?
1
Let o = -12940 + 30487. What is the ten thousands digit of o?
1
Let n = 56 + -51. Suppose -n*j + 1598 = 3*o, 0 = o - j + 4*j - 538. What is the hundreds digit of o?
5
Let s(m) = -3*m + 28. Let q(r) = -r**2 - 9*r + 4. Let u(v) = v**2 + 8*v - 4. Let i(h) = 3*q(h) + 4*u(h). Let b be i(-4). What is the tens digit of s(b)?
5
Suppose -11*i + 3 = -10*i. Suppose i*o + 3*d = -2*o + 276, 0 = -o - d + 56. What is the units digit of 12/o + (-1641)/(-27)?
1
Let f be 0/(11 + -9) - -1*5. Suppose -y + 4*j + 349 = -97, -2105 = -5*y - f*j. What is the units digit of y?
6
Let r be -3 + (-30)/(-8) - (-6)/(-8). Suppose -2*k - 14 - 40 = r. What is the tens digit of ((-2)/2 + 4)/(k/(-171))?
1
Let v = 1 + 10. Let b(g) = g**3 - 11*g**2 + 5*g + 11. Let i be b(v). Let w = i + -43. What is the units digit of w?
3
Let m(o) = -14*o + 27. Let k be m(2). Let z(p) = -343*p**3 + 3*p**2 + 3*p + 1. What is the units digit of z(k)?
4
Suppose -3*a + 3*h = -6*a + 21, -4*h - 4 = 0. Suppose a = -2*g + 4*u, 3*g + 10 - 1 = 3*u. What is the tens digit of (-153)/(-2) + g/4?
7
Let w(i) = 259*i**2 - 11*i - 104. Let z be w(-17). What is the tens digit of z/253 + 2/(-11)?
9
Let n = 36614 - 19951. What is the hundreds digit of n?
6
Let l(a) be the third derivative of 7*a**4/8 + 161*a**3/6 + 6*a**2 + 6. What is the tens digit of l(3)?
2
What is the hundreds digit of (-1701)/(7 + -16) + 2?
1
Let v(l) be the second derivative of -l**3/6 + 59*l**2/2 + 18*l + 1. What is the tens digit of v(13)?
4
What is the thousands digit of 3820*((-254)/1905 - (-139)/30)?
7
Suppose 164*x = 254*x - 1202670. What is the units digit of x?
3
Suppose -206 + 49 = -4*q + r, -4*q - 4*r = -132. Suppose 4*d - 26*s - 71 = -29*s, -2*d = 2*s - q. What is the tens digit of d?
1
Suppose 0 = 3*p + 3*x + 1461, 0 = -3*x - 1 + 4. Let v = 617 + p. What is the hundreds digit of v?
1
Suppose 3840*b - 3823*b = 178279. What is the tens digit of b?
8
Let r(d) = -d**2 + d. Let n(q) = -2*q**2 + 4*q - 14. Let h(x) = n(x) - 3*r(x). Let f = -723 - -717. What is the tens digit of h(f)?
1
Let u(m) = 13*m**2 + m. Let l be u(-1). What is the units digit of 576/(-14)*(-112)/l?
4
Let p = -128 - -102. Let c = 138 + p. What is the tens digit of c?
1
What is the tens digit of (-142)/1349 + 372/(-76) - (1 + -32942)?
3
What is the units digit of (-11 - 69/(-7)) + (-45138)/(-14)?
3
Suppose -66 - 146 = -4*l - 4*d, 5 = -d. Let z(n) = 2*n**2 + 4*n + 9. Let o be z(-6). Let v = l - o. What is the units digit of v?
1
Let d(s) = 7*s - 2*s**3 - 5*s**3 - 3*s + 5*s**2 + 13. What is the tens digit of d(-4)?
2
Suppose 120*j = 117*j - 5*r + 74034, 4*j - 98660 = 2*r. What is the ten thousands digit of j?
2
Let p(y) = 52*y**3 - 15*y**2 + 3*y + 24. What is the tens digit of p(7)?
4
Let g(p) = 14*p**2 - 4*p + 3. Let n be g(1). Let z(y) = y**2 - 15*y + 23. Let m be z(n). What is the units digit of 4 + (-168)/m - -3?
3
Let s = -8 - -10. Let x = -2194 - -2196. Suppose 0 = s*d, 5*l - 444 = x*l + 4*d. What is the tens digit of l?
4
Suppose -24*y + 1824 = 818 + 862. Let s(a) = 5*a**3 - 4*a**2 + 12. Let u(p) = -p**3 - p. Let f(l) = s(l) + 4*u(l). What is the tens digit of f(y)?
6
Suppose 3*k + k - 2*i + 460 = 0, -3*k + i = 343. What is the hundreds digit of (-3)/6*k*(-9 + 17)?
4
Let w = 139226 - 87087. What is the hundreds digit of w?
1
Suppose 29*h = -13*h - 14*h + 606424. What is the units digit of h?
9
Let x(f) = 3*f**3 + 6*f**2 - 3*f - 11. Let y(u) = -u + 18. Let p be y(14). Let c be x(p). Suppose 0*m = 5*m - c. What is the tens digit of m?
5
Let s = 14763 + -7851. What is the hundreds digit of s?
9
Suppose 22*g = 4896 + 129216. What is the tens digit of g?
9
Suppose -23*g = -10*g - 78. What is the hundreds digit of (934/g)/((-4)/(-12))?
4
Let p = -40 - -54. Suppose -p*z + 18*z = -572. Let b = 216 + z. What is the units digit of b?
3
Suppose -a - 1221 = -3*l - 212, 343 = l + a. Let m be 1/((-8)/(-420))*(-8)/6. Let f = l + m. What is the tens digit of f?
6
Suppose -4*y = 2*i + 430, -2*i + 13*y - 427 = 16*y. Let c = i + 331. What is the units digit of c?
2
Suppose -6*f = -25 - 23. Let h = 67 - f. Suppose -57*k + h*k = 242. What is the tens digit of k?
2
Let m(j) = -j**3 - 16*j**2 + 43*j - 17. Let y be m(-20). Suppose 123*s = 122*s + y. What is the hundreds digit of s?
7
Let y = 322 + -322. Suppose 9*m - 1051 - 200 = y. What is the tens digit of m?
3
Let x(o) = -251*o + 3. Let j be x(1). Let h be (-4)/(-4) + j/(16/(-4)). Suppose -4*l + h = -125. What is the tens digit of l?
4
Let l be 3873/(-9)*((-3 - 3) + 3). Suppose 2*o = t - 1290, -84*t + 83*t + o = -l. What is the tens digit of t?
9
Let x(r) be the third derivative of 0 + 13/3*r**3 - 1/60*r**5 + 17*r**2 + 0*r + 1/3*r**4. What is the units digit of x(9)?
7
Let q(w) = -24*w - 4. Let n be q(0). What is the units digit of (n/6)/(89/(-1602))?
2
What is the thousands digit of (2719 - ((-132)/(-24) + 3/(-2)))*1?
2
Suppose -3*b = -3*x + 420, 3*x + 0*x = -3*b + 450. Let f = -101 + x. Let k = f + 52. What is the units digit of k?
6
Let f(q) = 1815*q**2 + 44*q - 84. What is the units digit of f(2)?
4
Let o(t) = -15 - 7*t**3 + 31 - 10 + 0*t - 6*t. Let v be o(3). Let h = v - -362. What is the hundreds digit of h?
1
Let j(c) = c**3 + 11*c**2 + 15*c + 26. Let f be j(-8). Suppose -f*l = -95*l - 1947. What is the tens digit of l?
4
Let b(c) = -2*c + 1. Let v be b(-1). Let k = 2 + v. Suppose 0 = -k*i - 0*i - l + 9, 3*l - 14 = -2*i. What is the units digit of i?
1
What is the tens digit of ((-228)/6)/(64/(-8096))?
0
Let z(b) = -b**3 - 4*b**2 + b + 9. Let k be z(-4). Suppose -7*v = -8*v + u + 267, v + k*u - 279 = 0. What is the tens digit of v?
6
Let k be (2 - (-211)/3)/((-1)/3). Let j = k + 404. What is the units digit of j?
7
Let y(d) = 8*d + 10. Let t(s) = -s - 1. Let o(f) = 52*t(f) + 6*y(f). Let n be o(-4). What is the units digit of n/16*(0 + 1182/9)?
7
Suppose -3*v - 21 = 0, -15*d = -18*d - 3*v + 133545. What is the ten thousands digit of d?
4
What is the units digit of (-15)/12 - ((-84)/(-112))/((-3)/82849)?
1
Suppose 50*g = 52*g - 5*b - 51463, 2*g + 5*b - 51413 = 0. What is the hundreds digit of g?
7
Suppose -4*i = 3*n + 1838 + 202, 1530 = -3*i - n. Let m = i - -937. What is the tens digit of m?
2
Let i = 207 - 207. Suppose i = -z + 2*w + 67, -z + 61 = 4*w - 0. What is the tens digit of z?
6
Suppose 0 = 3*x - 4*b - 25, 4*b + 28 - 80 = -4*x. Suppose x = -t + k, -5*t + k - 27 = 36. What is the units digit of 4 + -7*(t + 0)?
5
Suppose -3*c = 5*f - 17518, -50*c + 55*c + 4*f - 29175 = 0. What is the tens digit of c?
3
Let x be 60/(-14) + 72/252 - -79. Suppose 30*c - x = 5*c. What is the units digit of c?
3
Let v = 367 + -362. Let y(z) = 11*z**3 + 4*z**2 + 2*z - 16. What is the tens digit of y(v)?
6
Let o = 232 + -332. What is the units digit of (111/1)/((-25)/o)?
4
Let p(j) = 14*j**3 - 6*j**2 - 33*j - 3. What is the ten thousands digit of p(14)?
3
Let r = -605 + 1434. Suppose 3*o - 4*o = 2*s - r, 5*s + 1649 = 2*o. What is the tens digit of o?
2
Suppose 7*m - 2*m = m + 69080. What is the hundreds digit of m?
2
Let y(g) = 3*g**2 + 42*g - 11. Let p be y(17). Let s = p + -945. What is the tens digit of s?
2
Suppose 74*g - 2592134 = -48*g. What is the ten thousands digit of g?
2
Suppose -8*s = 2*s + 240. Let k = 40 + s. What is the units digit of 228/9*60/k?
5
Let l(s) = -s**3 + 10*s**2 + s - 9. Let m be l(10). Let v = 8 + m. What is the units digit of ((-12)/v)/((-2)/42)?
8
Let s be 4/4 + -4 + 3. Suppose 2*r + 2*k - 4*k - 50 = s, 2*r - 48 = 4*k. Let i = r - -88. What is the units digit of i?
4
Let c = 1